or of 21226?
False
Is 269 a factor of 32011?
True
Is 1818 a multiple of 8?
False
Is 504 a multiple of 12?
True
Is 268 a factor of 31871?
False
Is 9 a factor of 486?
True
Is 40 a factor of 3239?
False
Is 472 a multiple of 12?
False
Is 15 a factor of 165?
True
Is 104641 a multiple of 19?
False
Is 26 a factor of 4992?
True
Is 101 a factor of 875?
False
Is 2 a factor of 6486?
True
Is 19 a factor of 690?
False
Is 878 a multiple of 45?
False
Is 15 a factor of 48210?
True
Is 219 a multiple of 5?
False
Is 132 a multiple of 8?
False
Is 68 a factor of 3461?
False
Is 5600 a multiple of 70?
True
Does 5 divide 2675?
True
Does 53 divide 4134?
True
Does 30 divide 30360?
True
Is 43 a factor of 423?
False
Does 124 divide 11036?
True
Is 230 a factor of 73997?
False
Does 11 divide 822?
False
Is 88 a factor of 9944?
True
Does 126 divide 20160?
True
Is 27 a factor of 513?
True
Is 24 a factor of 5073?
False
Does 57 divide 6213?
True
Is 18156 a multiple of 4?
True
Is 16 a factor of 246?
False
Does 89 divide 18957?
True
Is 14 a factor of 1932?
True
Is 741 a multiple of 13?
True
Is 11 a factor of 5370?
False
Is 22 a factor of 241?
False
Is 14 a factor of 882?
True
Is 36 a factor of 555?
False
Does 28 divide 6692?
True
Is 2 a factor of 1893?
False
Does 5 divide 6575?
True
Is 17940 a multiple of 26?
True
Is 1053 a multiple of 13?
True
Does 3 divide 9369?
True
Does 22 divide 7018?
True
Is 18 a factor of 99900?
True
Does 28 divide 117460?
True
Does 4 divide 324?
True
Is 30 a factor of 22200?
True
Is 7 a factor of 2534?
True
Is 73539 a multiple of 9?
True
Does 10 divide 470?
True
Is 1214 a multiple of 15?
False
Does 9 divide 104?
False
Is 40 a multiple of 4?
True
Is 810 a multiple of 81?
True
Does 9 divide 279?
True
Does 14 divide 619?
False
Is 2 a factor of 72?
True
Does 67 divide 30381?
False
Is 897 a multiple of 39?
True
Is 2418 a multiple of 78?
True
Is 26429 a multiple of 107?
True
Is 19 a factor of 185934?
True
Is 4897 a multiple of 83?
True
Is 5 a factor of 204?
False
Does 29 divide 15774?
False
Is 7188 a multiple of 19?
False
Does 15 divide 7594?
False
Is 85 a factor of 2268?
False
Is 44 a factor of 107316?
True
Is 6288 a multiple of 67?
False
Is 130 a factor of 1170?
True
Does 6 divide 40836?
True
Is 33 a factor of 462?
True
Is 640 a multiple of 5?
True
Is 162 a multiple of 6?
True
Is 5602 a multiple of 12?
False
Is 375 a multiple of 3?
True
Is 75253 a multiple of 18?
False
Is 48 a factor of 17458?
False
Is 11 a factor of 374?
True
Is 80 a factor of 87360?
True
Does 17 divide 3493?
False
Does 367 divide 2202?
True
Does 6 divide 162?
True
Does 16 divide 10416?
True
Does 14 divide 5243?
False
Does 11 divide 12234?
False
Is 274 a multiple of 24?
False
Is 17 a factor of 11475?
True
Is 41881 a multiple of 9?
False
Is 66 a factor of 5676?
True
Does 4 divide 12934?
False
Is 69626 a multiple of 16?
False
Is 61 a factor of 88755?
True
Is 66 a factor of 396?
True
Does 11 divide 418?
True
Does 27 divide 541?
False
Does 3 divide 353?
False
Does 2 divide 3108?
True
Is 14 a factor of 2030?
True
Is 229 a multiple of 28?
False
Is 21 a factor of 1155?
True
Is 588 a multiple of 21?
True
Does 14 divide 4214?
True
Is 1172 a multiple of 11?
False
Does 200 divide 53000?
True
Is 815 a multiple of 5?
True
Is 10 a factor of 4386?
False
Does 11 divide 5467?
True
Is 9568 a multiple of 184?
True
Is 25 a factor of 300?
True
Does 30 divide 6393?
False
Is 28 a factor of 1120?
True
Is 464 a multiple of 20?
False
Is 39 a factor of 8229?
True
Is 15105 a multiple of 5?
True
Does 20 divide 2840?
True
Is 2442 a multiple of 74?
True
Is 42 a factor of 30431?
False
Does 29 divide 5452?
True
Does 11 divide 170?
False
Is 2 a factor of 57?
False
Is 15 a factor of 1065?
True
Is 1910 a multiple of 31?
False
Does 27 divide 675?
True
Is 208 a factor of 15415?
False
Is 9 a factor of 4842?
True
Is 1871 a multiple of 25?
False
Is 80 a multiple of 20?
True
Is 50 a factor of 3350?
True
Does 3 divide 327?
True
Is 1573 a multiple of 28?
False
Does 28 divide 13796?
False
Does 8 divide 2520?
True
Is 4 a factor of 14264?
True
Does 17 divide 26639?
True
Is 320 a multiple of 8?
True
Is 438 a multiple of 3?
True
Does 20 divide 3960?
True
Is 11 a factor of 605?
True
Is 170 a factor of 760?
False
Does 27 divide 1564?
False
Is 4290 a multiple of 78?
True
Is 9 a factor of 13545?
True
Is 2960 a multiple of 80?
True
Is 134 a multiple of 12?
False
Is 23 a factor of 2760?
True
Is 1372 a multiple of 7?
True
Is 741 even?
False
Is 27097 a multiple of 49?
True
Does 10 divide 677?
False
Is 6308 a multiple of 124?
False
Is 40 a factor of 920?
True
Is 10749 a multiple of 21?
False
Is 6 a factor of 210?
True
Does 22 divide 20884?
False
Does 7 divide 231?
True
Is 7778 a multiple of 19?
False
Is 2700 a multiple of 108?
True
Does 9 divide 1503?
True
Is 8 a factor of 116?
False
Does 2 divide 307?
False
Is 16 a factor of 10480?
True
Is 8 a multiple of 8?
True
Is 31217 a multiple of 5?
False
Does 7 divide 482?
False
Does 37 divide 6105?
True
Is 75040 a multiple of 335?
True
Is 9176 a multiple of 60?
False
Is 24 a factor of 498?
False
Is 20 a factor of 200?
True
Is 663 a multiple of 17?
True
Does 27 divide 854?
False
Is 308 a multiple of 14?
True
Is 41 a factor of 240?
False
Is 90167 a multiple of 77?
True
Is 5 a factor of 2225?
True
Does 9 divide 65406?
False
Does 4 divide 9193?
False
Is 601 a multiple of 23?
False
Is 65 a factor of 1559?
False
Is 5 a factor of 358?
False
Does 336 divide 83658?
False
Does 21 divide 2504?
False
Is 1463 a multiple of 7?
True
Does 22 divide 638?
True
Is 134 a factor of 4824?
True
Does 30 divide 692?
False
Is 33 a factor of 429?
True
Is 45 a factor of 675?
True
Is 70 a factor of 700?
True
Is 2488 a multiple of 13?
False
Does 7 divide 165?
False
Does 44 divide 7304?
True
Is 74 a factor of 3658?
False
Is 11524 a multiple of 172?
True
Is 38 a multiple of 20?
False
Is 10192 a multiple of 13?
True
Does 11 divide 583?
True
Does 99 divide 2431?
False
Is 43171 a multiple of 38?
False
Does 13 divide 10466?
False
Does 14 divide 2006?
False
Is 78 a factor of 1919?
False
Is 172 a factor of 172?
True
Does 8 divide 969?
False
Is 85 a multiple of 5?
True
Is 15531 a multiple of 35?
False
Is 34 a factor of 714?
True
Is 56 a factor of 52416?
True
Is 37 a factor of 1924?
True
Does 14 divide 1400?
True
Is 5 a factor of 1331?
False
Does 14 divide 616?
True
Is 489 a multiple of 11?
False
Is 103 a factor of 92465?
False
Is 21 a factor of 378?
True
Does 3 divide 3919?
False
Is 8362 a multiple of 74?
True
Does 87 divide 8439?
True
Is 3816 a multiple of 73?
False
Is 21565 a multiple of 19?
True
Is 3 a factor of 2881?
False
Does 49 divide 17578?
False
Is 130 a multiple of 51?
False
Is 2 a factor of 147?
False
Is 17 a factor of 40919?
True
Is 37942 a multiple of 211?
False
Is 59 a factor of 1534?
True
Is 11 a factor of 1837?
True
Is 21 a factor of 189?
True
Is 1219 a multiple of 110?
False
Is 326 a multiple of 6?
False
Does 95 divide 3457?
False
Does 3 divide 2359?
False
Is 22172 a multiple of 23?
True
Is 19 a factor of 2076?
False
Is 2070 a multiple of 33?
False
Does 249 divide 37911?
False
Is 73304 a multiple of 14?
True
Is 92 a multiple of 4?
True
Does 43 divide 30186?
True
Does 24 divide 51220?
False
Is 185 a multiple of 42?
False
Does 18 divide 916?
False
Is 1064 a multiple of 19?
True
Is 4 a factor of 440?
True
Is 2701 a multiple of 112?
False
Does 53 divide 9805?
True
Is 87615 a multiple of 136?
False
Is 2 a factor of 316?
True
Is 89 a factor of 8455?
True
Is 10 a factor of 16?
False
Is 17404 a multiple of 10?
False
Does 12 divide 5544?
True
Does 5 divide 502?
False
Does 3 divide 5062?
False
Is 75 a multiple of 3?
True
Is 20 a factor of 7381?
False
Does 54 divide 50976?
True
Is 31 a factor of 3084?
False
Is 36 a factor of 1443?
False
Is 2916 a multiple of 115?
False
Is 217 a multiple of 5?
False
Is 58 a factor of 1267?
False
Is 8 a factor of 378?
False
Does 84 divide 44467?
False
Is 13085 a multiple of 14?
False
Is 24 a factor of 8952?
True
Does 60 divide 6660?
True
Is 231 a multiple of 8?
False
Is 25267 a multiple of 30?
False
Is 88 a factor of 13376?
True
Is 1020 a multiple of 10?
True
Is 720 a multiple of 28?
False
Is 3013 a multiple of 13?
False
Is 66754 a multiple of 417?
False
Is 7485 a multiple of 5?
True
Is 856 a multiple 